{"id":98,"date":"2025-06-15T15:59:21","date_gmt":"2025-06-15T15:59:21","guid":{"rendered":"https:\/\/www.uppertunit.com\/?page_id=98"},"modified":"2025-06-15T16:20:37","modified_gmt":"2025-06-15T16:20:37","slug":"sophos-utm-firewall","status":"publish","type":"page","link":"https:\/\/www.uppertunit.com\/?page_id=98","title":{"rendered":"Sophos UTM Firewall"},"content":{"rendered":"\n<div style=\"height:50px\" aria-hidden=\"true\" class=\"wp-block-spacer\"><\/div>\n\n\n\n<p><strong>Sophos UTM: Complete Netwerkbeveiliging, 50 ip adressen<\/strong><\/p>\n\n\n\n<p>Bescherm uw bedrijf met de kracht van <strong>Sophos UTM<\/strong> (Unified Threat Management), een alles-in-\u00e9\u00e9n oplossing die uw netwerk, gebruikers en data veilig houdt tegen cyberdreigingen. Van firewall en VPN tot bescherming tegen malware en spam, en nog veel meer: Sophos UTM biedt uitgebreide beveiligingsfuncties, eenvoudig te beheren vanaf \u00e9\u00e9n overzichtelijk webinterface.<\/p>\n\n\n\n<p><strong>Waarom kiezen voor Sophos UTM?<\/strong><\/p>\n\n\n\n<ul class=\"wp-block-list\">\n<li><strong>Volledige netwerkbeveiliging:<\/strong> Bescherm uw netwerk met onder meer een krachtige firewall, inbraakpreventie, en webfiltering.<\/li>\n\n\n\n<li><strong>Eenvoudig beheer:<\/strong> Beheer alle beveiliging vanuit \u00e9\u00e9n centraal punt met een intu\u00eftieve webinterface, ontworpen om snel en effici\u00ebnt te werken.<\/li>\n\n\n\n<li><strong>Geavanceerde bedreigingsbescherming:<\/strong> Bescherm tegen malware, phishing en andere geavanceerde aanvallen met krachtige tools die continu up-to-date blijven.<\/li>\n\n\n\n<li><strong>VPN- en mobiele toegang:<\/strong> Beveilig de verbindingen van uw teams, waar ze ook werken, met ingebouwde VPN-opties en beveiliging voor mobiele apparaten.<\/li>\n\n\n\n<li><strong>Kosteloze instapversie:<\/strong> Bescherm tot <strong>50 ip adressen volledig gratis<\/strong> met de Sophos UTM Home versie, ideaal voor beginnende bedrijven.<\/li>\n<\/ul>\n\n\n\n<p>Bescherm uw netwerk eenvoudig, betrouwbaar en voordelig met Sophos UTM, de ultieme netwerkbeveiliging voor organisaties van elke grootte. Probeer nu de gratis versie en ervaar zelf de kracht van Sophos !<\/p>\n","protected":false},"excerpt":{"rendered":"<p>Sophos UTM: Complete Netwerkbeveiliging, 50 ip adressen Bescherm uw bedrijf met de kracht van Sophos UTM (Unified Threat Management), een [&hellip;]<\/p>\n","protected":false},"author":1,"featured_media":0,"parent":0,"menu_order":0,"comment_status":"closed","ping_status":"closed","template":"","meta":{"site-sidebar-layout":"default","site-content-layout":"","ast-site-content-layout":"","site-content-style":"default","site-sidebar-style":"default","ast-global-header-display":"","ast-banner-title-visibility":"","ast-main-header-display":"","ast-hfb-above-header-display":"","ast-hfb-below-header-display":"","ast-hfb-mobile-header-display":"","site-post-title":"","ast-breadcrumbs-content":"","ast-featured-img":"","footer-sml-layout":"","theme-transparent-header-meta":"","adv-header-id-meta":"","stick-header-meta":"","header-above-stick-meta":"","header-main-stick-meta":"","header-below-stick-meta":"","astra-migrate-meta-layouts":"default","ast-page-background-enabled":"default","ast-page-background-meta":{"desktop":{"background-color":"var(--ast-global-color-5)","background-image":"","background-repeat":"repeat","background-position":"center center","background-size":"auto","background-attachment":"scroll","background-type":"","background-media":"","overlay-type":"","overlay-color":"","overlay-opacity":"","overlay-gradient":""},"tablet":{"background-color":"","background-image":"","background-repeat":"repeat","background-position":"center center","background-size":"auto","background-attachment":"scroll","background-type":"","background-media":"","overlay-type":"","overlay-color":"","overlay-opacity":"","overlay-gradient":""},"mobile":{"background-color":"","background-image":"","background-repeat":"repeat","background-position":"center center","background-size":"auto","background-attachment":"scroll","background-type":"","background-media":"","overlay-type":"","overlay-color":"","overlay-opacity":"","overlay-gradient":""}},"ast-content-background-meta":{"desktop":{"background-color":"var(--ast-global-color-4)","background-image":"","background-repeat":"repeat","background-position":"center center","background-size":"auto","background-attachment":"scroll","background-type":"","background-media":"","overlay-type":"","overlay-color":"","overlay-opacity":"","overlay-gradient":""},"tablet":{"background-color":"var(--ast-global-color-4)","background-image":"","background-repeat":"repeat","background-position":"center center","background-size":"auto","background-attachment":"scroll","background-type":"","background-media":"","overlay-type":"","overlay-color":"","overlay-opacity":"","overlay-gradient":""},"mobile":{"background-color":"var(--ast-global-color-4)","background-image":"","background-repeat":"repeat","background-position":"center center","background-size":"auto","background-attachment":"scroll","background-type":"","background-media":"","overlay-type":"","overlay-color":"","overlay-opacity":"","overlay-gradient":""}},"footnotes":""},"class_list":["post-98","page","type-page","status-publish","hentry"],"_links":{"self":[{"href":"https:\/\/www.uppertunit.com\/index.php?rest_route=\/wp\/v2\/pages\/98","targetHints":{"allow":["GET"]}}],"collection":[{"href":"https:\/\/www.uppertunit.com\/index.php?rest_route=\/wp\/v2\/pages"}],"about":[{"href":"https:\/\/www.uppertunit.com\/index.php?rest_route=\/wp\/v2\/types\/page"}],"author":[{"embeddable":true,"href":"https:\/\/www.uppertunit.com\/index.php?rest_route=\/wp\/v2\/users\/1"}],"replies":[{"embeddable":true,"href":"https:\/\/www.uppertunit.com\/index.php?rest_route=%2Fwp%2Fv2%2Fcomments&post=98"}],"version-history":[{"count":5,"href":"https:\/\/www.uppertunit.com\/index.php?rest_route=\/wp\/v2\/pages\/98\/revisions"}],"predecessor-version":[{"id":121,"href":"https:\/\/www.uppertunit.com\/index.php?rest_route=\/wp\/v2\/pages\/98\/revisions\/121"}],"wp:attachment":[{"href":"https:\/\/www.uppertunit.com\/index.php?rest_route=%2Fwp%2Fv2%2Fmedia&parent=98"}],"curies":[{"name":"wp","href":"https:\/\/api.w.org\/{rel}","templated":true}]}}